s - 2. Let i be o(6). Suppose -4*w - 93 - 45 = -5*p, i*p - 135 = -5*w. Is p a multiple of 26?
False
Let x = 7 - 11. Let k = -1 - x. Suppose -2*o + 92 = k*o + 4*w, -5*o + 71 = -3*w. Does 13 divide o?
False
Let z be 2/1*(-1068)/8. Is 13 a factor of 2/10 - z/15?
False
Let r = -60 + 124. Does 11 divide r?
False
Is (-800)/(-7) + 3*(-10)/105 a multiple of 13?
False
Let b(r) = r - 4. Let s be b(4). Let i(a) = -1 + s - 2*a - 17*a. Is 9 a factor of i(-1)?
True
Does 4 divide 5/(60/(-8))*-21?
False
Let v(q) = 0*q + 2*q - 3*q + 3 + 13. Does 16 divide v(0)?
True
Let c be 5 - (2 - 4/2). Suppose -4*r = 4*m - 320, -3*m + 350 = 2*m - c*r. Suppose -3*b - 3 = -0, 0 = -2*u + 3*b + m. Does 12 divide u?
True
Suppose -4*v + 4*m + 52 = 0, v - 15 = -m + 2. Let a be (-8)/20 - 339/v. Let x = -13 - a. Is 4 a factor of x?
False
Suppose w - 40 = -5. Is 11 a factor of (-14)/w + (-62)/(-5)?
False
Let p = 77 + -66. Is 9 a factor of p?
False
Let v = 25 + -17. Suppose 0*j - 30 = -3*j. Is (v/(-5))/((-4)/j) a multiple of 2?
True
Let g = 384 - 265. Is 23 a factor of g?
False
Let f(i) = -5*i - 10. Does 9 divide f(-18)?
False
Let v(a) = 7*a**3 - 2*a**2 + 1. Suppose -1 = 2*h - 3. Does 5 divide v(h)?
False
Suppose 0 = -5*b - k - 25, 2*k + 20 = -2*k. Suppose 60 = 2*p + 2*p. Let n = b + p. Is 11 a factor of n?
True
Let z be (5 + -6)*0/(-1). Suppose z*k = -3*k + 147. Does 19 divide k?
False
Let f(h) = h + 1. Let w(l) = -10*l - 6. Suppose -3*q + 6 = 3*m, -3*q - 5*m + 0*m = -4. Let b(v) = q*f(v) + w(v). Is b(-2) a multiple of 6?
False
Suppose 26 = l - 33. Does 5 divide l?
False
Suppose -4*f + 162 = 2*i, 5*i - 4*f - 372 = -3*f. Suppose -3*n = c - 0*n - 1, -n + i = 5*c. Is c a multiple of 3?
False
Let b = 20 + -16. Suppose 4*z + 5*s = 244, -b*z - s + 244 = 3*s. Is z a multiple of 14?
False
Let b(p) = -6*p**2 + 2*p - 6. Let n(v) be the first derivative of -7*v**3/3 + v**2 - 5*v + 1. Let z(s) = 4*b(s) - 5*n(s). Is z(1) a multiple of 10?
True
Let p = -5 - -21. Does 16 divide p?
True
Let n = -17 - -22. Suppose g - 199 = -2*g - n*p, 4*g - 273 = p. Is 15 a factor of g?
False
Is (47712/77)/2 + (-2)/(-11) a multiple of 51?
False
Suppose -449 = 10*o - 1779. Is 7 a factor of o?
True
Let l(q) = -60*q**3 + q + 1. Is l(-1) a multiple of 15?
True
Let j(f) = f + 13. Let d = 6 - -3. Does 22 divide j(d)?
True
Is 8 a factor of -1*(1 + -2*19)?
False
Let i = 3 - 3. Let v(j) = j - j + j + 24 + i*j. Is v(0) a multiple of 12?
True
Suppose 5*h + 33 = 108. Let m = h + 2. Does 8 divide m?
False
Does 4 divide (1/2)/((-7)/(-238))?
False
Let u(k) = k + 3. Let w be u(0). Let x be (7 - 3) + (-6)/w. Does 20 divide 27 - 4 - (x + 1)?
True
Suppose -x = 4*x + 45. Let h = 34 + x. Is 8 a factor of h?
False
Is 11 + (-10)/5 + -2 even?
False
Let k be 9 + 0 + -5 + 1/1. Let q = 9 + -28. Let z = k - q. Is 16 a factor of z?
False
Is (-4)/(-14) + 477/21 a multiple of 23?
True
Suppose 45*u - 15 = 44*u. Is 3 a factor of u?
True
Let f(z) = -2*z - 1. Suppose 2*y = y - 2. Is 2 a factor of f(y)?
False
Suppose 0 = -3*a + 3*p + 3, 7*a - 1 = 2*a + p. Let o be 56/(-42) - (-1)/3. Is 18 a factor of (-102)/(3/o) - a?
False
Suppose 5*w + 4*r = 9, -3*w + r + 19 = -0*r. Does 8 divide ((-8)/(-2)*w)/1?
False
Suppose 2*a - 81 - 113 = 4*h, -4*a - 3*h + 399 = 0. Is 15 a factor of (-3 + 1)*a/(-6)?
False
Suppose -c - 2*c - 14 = -l, 16 = -4*c. Suppose 4*b - 60 = -4*v, 2*v + l*v = b + 35. Is 5 a factor of v?
True
Suppose -3*x = -4*f + 268 + 106, f + 3*x - 101 = 0. Does 19 divide f?
True
Let l(q) = q**3 - q**2 - q + 11. Let k be l(0). Let i(a) = -k*a - 35 + 35. Is 7 a factor of i(-1)?
False
Suppose -5*u + 14 = -s + 4, 3*s = 0. Suppose -2*y + 8 = u*y. Is 19 a factor of y - (-1 + (1 - 17))?
True
Let x(c) = 11*c**3 - 23*c**2 + 3*c - 23. Let m(b) = 5 + 3 - 4*b**3 - b + 8*b**2 + 0*b. Let l(y) = 17*m(y) + 6*x(y). Is l(-2) a multiple of 2?
True
Let c(w) be the third derivative of -w**4/24 + 3*w**3/2 - 2*w**2. Let f be c(5). Let u(z) = 3*z**2 - 4*z + 3. Does 17 divide u(f)?
False
Is (-5)/(-15) - (-78)/9 a multiple of 9?
True
Let s(x) = x**3 + 10*x**2 + 7*x - 13. Let y be s(-9). Let r = 118 - 73. Suppose 0 = -y*m + r. Is 5 a factor of m?
False
Suppose 0 = -r - 4*r + 5. Let v = 6 - r. Suppose 2*s + 3*f = 97 - 17, -v*f + 26 = s. Is 23 a factor of s?
True
Let d(x) = -5*x - 4. Let u(m) = 5*m**3 + m**2 - m. Let t be u(1). Suppose z - 5*o - 2 = -15, -5*z - 5 = t*o. Is d(z) a multiple of 11?
True
Let s(g) = 5*g - 68. Let b(x) = 4*x - 68. Let o(h) = -7*b(h) + 6*s(h). Is o(0) a multiple of 14?
False
Suppose 390 = 2*s + s. Suppose -4*j + s = -182. Is j a multiple of 26?
True
Let a be 4/(-10) - 132/(-30). Let s(i) = -i**2 + a*i**2 + 0*i**2 + i**2. Is s(-1) even?
True
Let t(z) be the third derivative of 5*z**4/24 - z**3/2 + 4*z**2. Is 12 a factor of t(7)?
False
Let v(m) = 11*m - 1. Let p be v(-1). Let r be (p/(-3))/(2/5). Suppose 3*g - 64 + r = 0. Is 9 a factor of g?
True
Suppose -2 = 2*f, 0*f + 415 = -4*t - 3*f. Let y = t - -160. Suppose -2*c - 3*n + y = c, 4*n = -3*c + 58. Is 9 a factor of c?
True
Suppose -119 - 261 = -5*d. Is 19 a factor of d?
True
Does 2 divide (-3)/(6/(-44)*2)?
False
Let x(f) = 1. Let z(h) = 5*h - 10. Let l(y) = -2*x(y) - z(y). Let t be l(6). Let j = t - -38. Is 8 a factor of j?
True
Let b(m) be the first derivative of m + 3. Let t(p) = -3*p - 1. Let z(c) = -b(c) - t(c). Is z(3) a multiple of 3?
True
Suppose 5*b - 3*b = 232. Is 15 a factor of b?
False
Suppose 21 = 2*o + o. Is 3 a factor of o?
False
Let b(l) = l - 7. Let u be b(10). Suppose 0 = -u*f - 206 + 35. Is 9 a factor of 1/(-1 + f/(-54))?
True
Let r(u) = u**2 + 10*u - 1. Let l be r(-9). Is 18 a factor of l/30 + (-176)/(-6)?
False
Let o(x) = -x**3 - 3*x**2 - 13*x - 58. Is o(-8) a multiple of 17?
False
Let n(f) = -f**3 - 4*f**2 + 2*f. Let s be n(-5). Let w = 27 - s. Is w a multiple of 8?
False
Let s(c) = -c**3 + 5*c**2 + 3*c - 5. Suppose 4*h - 3*l = -0*h + 16, -3*h - 4*l + 12 = 0. Let d be s(h). Let p = 49 - d. Does 13 divide p?
True
Let u be (24/5)/((-1)/(-5)). Suppose -2*d = -d - u. Is d a multiple of 8?
True
Is 14 a factor of 2/((-4)/67)*6*-1?
False
Let s = -41 + 67. Is 13 a factor of s?
True
Is 11 a factor of (124 + -1)*1/3?
False
Suppose 33 = 5*d - 2*s, 2*s + 4 = s. Let t = 12 - d. Is 3 a factor of t?
False
Let m be -10*(-5)/((-50)/4). Is ((-6)/1)/(2/m) a multiple of 5?
False
Let c(q) = -q - 5. Let o be c(-5). Suppose 2*v + o - 4 = 0. Suppose 0*b + 36 = 4*b + v*r, b = r + 15. Does 11 divide b?
True
Let q be (-4)/(-1) + -2 - -3. Let x = q + 3. Is 8 a factor of x?
True
Let k(o) = o**2 - o - 5. Let c = 1 + -7. Is 21 a factor of k(c)?
False
Suppose 4*r = 3*w + 23, 15 = r + 5*w - 8. Suppose 22 = 5*q - 3*u, 2*u + 4 = -3*q + 2. Suppose 3*k - r = q*k. Is k a multiple of 3?
False
Let j = -68 + 169. Does 8 divide j?
False
Let q(o) = -o**3 - 8*o**2 - 10*o - 7. Let a be q(-7). Suppose -5*s + 3*s = -a. Is s a multiple of 2?
False
Let p = 10 - -48. Does 18 divide p - 3*(-4)/(-3)?
True
Let a = -14 + 65. Does 17 divide a?
True
Suppose 2*t - t = 5. Suppose -2*v + 19 = -3*p, -t*p + 37 = v - p. Let f = -5 + v. Is f a multiple of 5?
False
Suppose -44 = -4*d + 156. Is d a multiple of 12?
False
Suppose 35 = -f + 134. Does 28 divide f?
False
Suppose -2*x + 6 + 7 = -a, 0 = 4*a - 4. Does 6 divide x?
False
Let i be (-4)/6*(34 - 10). Let x = i + 22. Is x a multiple of 3?
True
Suppose -21 = -3*y + 4*d, 6*d = -3*y + 2*d - 3. Suppose 28 = y*s - 23. Does 7 divide s?
False
Let g(p) = -p**2 - 5*p - 6. Let o be g(-4). Let n = 1 - o. Suppose u - 30 = 4*v, 83 - 13 = n*u - 2*v. Is u a multiple of 22?
True
Let b = 53 + -36. Suppose -3*c + b - 5 = 0. Does 6 divide c/3*(-9)/(-2)?
True
Suppose -108 - 2 = -2*n. Does 14 divide n?
False
Let z = -2 + 5. Suppose 0 = -z*j - 0*j + 198. Suppose -2*v + j = v. Is v a multiple of 11?
True
Suppose -t = -0*t + 3*i - 52, 336 = 5*t - 4*i. Is t a multiple of 32?
True
Let o(p) = 3*p - 2. Let j = -1 - -4. Suppose 2*b = 2*n - 12, 6*n - 13 = j*n - 2*b. Does 13 divide o(n)?
True
Let a = -7 + 13. Let h(q) = 2*q**2 + q - 3. Does 26 divide h(a)?
False
Suppose 3*l - 4 + 22 = 0. Does 13 divide 30 + 3*(-2)/l?
False
Let h(m) = m**2 - 6*m + 4. Does 2 divide h(7)?
False
Let m be 3/(-7 - -1)*0. Let c be 20/(-15)*(-3 + m). Suppose 2*y + 38 = q, -4*y - 155 = -c*q + y. Is q a multiple of 20?
True
Let l(j) = -4*j**2 - 2*j